-2*o = -5*o - 4*l + 32, -4*o = 3*l - 31. Let v be -5*(3/15 + -2). Let h = v - 6. Calculate the remainder when o is divided by h.
1
Suppose -4*l + 22 = -2*p, -3*l + 5*p = -4*l + 33. Let z(u) = -u**3 + 7*u**2 - u + 5. Let i be z(7). What is the remainder when i/5 + 462/30 is divided by l?
7
Suppose 0 = 5*w + 18 - 78. Let g = -6 + w. Calculate the remainder when 11 is divided by g.
5
Let q(k) = -6*k - 13. What is the remainder when q(-7) is divided by 16?
13
Suppose -3*b - 9 = -0*b. What is the remainder when (76/3)/(-4)*b is divided by (-7)/(3/(3*-1))?
5
What is the remainder when ((-2)/6)/(4/(-1884)) is divided by 20?
17
Let f(q) = -11*q. Suppose -6*z + 2*z - 112 = 0. Let m = z + 46. Calculate the remainder when f(-3) is divided by m.
15
Let j(u) = -u + 28. What is the remainder when j(-16) is divided by 13?
5
Suppose 3*s = -0*s + 39. Calculate the remainder when s is divided by 7.
6
Suppose 4*i - 5*d - 46 = 0, d - 47 = -2*i - 17. Suppose -5*c = 5*v + 65, -2*c - 3*v = -0*v + 31. What is the remainder when i is divided by 15/(-2)*c/12?
4
Suppose -26 - 29 = -5*t. Let n = 3 + 3. What is the remainder when 122/n + 2/(-6) is divided by t?
9
What is the remainder when -2 + (-7)/((-14)/8) is divided by 1?
0
Suppose -2011 + 506 = 5*x. Calculate the remainder when 8 is divided by (-2)/(-9) - x/63.
3
Suppose -3*j + 4*y + 37 = 0, 3*j + 2*y - 19 = 2*j. Let k = -3 + j. Calculate the remainder when 33 is divided by k.
9
Let g(h) = 15*h. Suppose v = -5*z - 1, -z + 3 = 2*v + 4*z. Calculate the remainder when g(1) is divided by v.
3
Let k = 11 - 6. Calculate the remainder when 2/(-4)*0 + 13 is divided by k.
3
Let i = -7 - -5. Suppose 0 = -2*o - 0*o + 4*l + 26, 5*o - 44 = 3*l. Calculate the remainder when -1*(i + -7 - 3) is divided by o.
5
Let o = -14 - -25. Let x = o - 8. What is the remainder when 37 is divided by 10/x*(1 + 2)?
7
Let y(t) = -3*t + 15. Let u(q) = q - 7. Let z(s) = -5*u(s) - 2*y(s). Calculate the remainder when -8*(-1 - 10/4) is divided by z(5).
8
Let d(w) be the second derivative of -w**4/12 - 5*w**3/3 - 3*w**2/2 - w. Suppose 5*s = -0 - 40. Calculate the remainder when d(s) is divided by 7.
6
Let g(n) = 3*n**2 - 2*n - 1 - n - 2. Let w be g(4). Suppose -2*q + w = 3*j - 59, 4*j - q = 108. Calculate the remainder when j is divided by 15.
13
Suppose 4*o = -2*s + 136, 5*o - 5*s - 185 = -0*o. Calculate the remainder when o is divided by 19.
16
Suppose -2*q + 47 = 5. Let j(g) = g + 11. What is the remainder when q is divided by j(-3)?
5
Suppose -3*h = 4*c - c + 33, -h = 4*c + 38. What is the remainder when c/(-3) - (-2 + -34) is divided by 14?
11
Suppose -48 = -7*f + 4*f. What is the remainder when 43 is divided by f?
11
Let x(o) = o**3 - 8*o**2 - 10. Let u be x(7). Let q = u + 85. What is the remainder when 50 is divided by q?
24
Suppose -154 = -9*b - 5*b. Let j = 25 - -17. Calculate the remainder when j is divided by b.
9
Let a(z) = -z**3 + z + 2. Let f be a(3). Calculate the remainder when 31 is divided by (f/4)/((-2)/4).
9
Let w = 15 + 0. Suppose -3*o + 3*s + 68 = 2*o, -5*o - s = -84. Suppose 5*t = t + o. Calculate the remainder when w is divided by t.
3
Let a = 46 + -2. What is the remainder when a is divided by 23?
21
Let d = -8 + 39. What is the remainder when 91 is divided by d?
29
Let o(k) = 12*k**3 - 18*k**3 - 3*k**2 + 7*k**3 - 5 - 7*k. Calculate the remainder when o(6) is divided by 16.
13
Let o = -4 - -7. Suppose -3*p + o = -9. Let k(q) = q**3 - 4*q**2 + 5*q. Calculate the remainder when k(p) is divided by 11.
9
Let y = -122 + 128. What is the remainder when y is divided by 5?
1
Suppose -3*y + 14 + 19 = 3*a, 0 = -2*a + 4*y + 16. Suppose a = 5*i - 3*i. Suppose -3*t + 2*t + 3 = 0. Calculate the remainder when i is divided by t.
2
Let n = 53 + -1. What is the remainder when n is divided by 8?
4
Let u = 113 + -43. Calculate the remainder when u is divided by 15.
10
Let o(u) = -u**2 + 9*u + 16. Let p(k) = -k**2 + 5*k + 2. Calculate the remainder when o(10) is divided by p(5).
0
Suppose -3*v + v + 3*p + 58 = 0, -5*v + 4*p = -131. Calculate the remainder when 1*86/(-4)*(7 - 9) is divided by v.
20
Let v = -65 - -93. Calculate the remainder when v is divided by 6.
4
Suppose 3*f = 115 - 31. What is the remainder when f is divided by 11?
6
Let t(j) be the first derivative of j**3/3 + 3*j - 3. Calculate the remainder when t(0) is divided by 1.
0
Let g(z) = 5*z**2 - z + 10. What is the remainder when g(-3) is divided by 23?
12
Suppose 3*u - u - 26 = -5*x, -44 = -3*u - 5*x. Calculate the remainder when 51 is divided by u.
15
Calculate the remainder when (9/(-6))/(9/(-678)) is divided by 23.
21
Let f = 7 + 3. Let b(y) = y**2 - 7*y + 4. Suppose 0 = -5*l - 5*j + 60, -3*l + 0*l = 4*j - 36. Calculate the remainder when b(f) is divided by l.
10
Let z = -57 + 97. What is the remainder when 119 is divided by z?
39
Let z be (-1 + 7)*2/6. Suppose 3*a - 165 = -z*a. Let x = 15 + 2. Calculate the remainder when a is divided by x.
16
Let z = -7 + 16. Let q be 0 + (-3)/(-1) + 2. What is the remainder when z is divided by (-3)/q*60/(-6)?
3
Let m(u) = -2*u**2 + 3*u + 3. Let r be m(5). Let z = -23 - r. Let k(v) = v**2 + 1. Calculate the remainder when z is divided by k(-2).
4
Let s = 14 - 5. Calculate the remainder when s is divided by 6.
3
What is the remainder when (-603)/(-12) - 3/12 is divided by 18?
14
Suppose u - 31 + 4 = 0. Suppose 0 = 4*f + u - 119. Let n = -8 + 16. Calculate the remainder when f is divided by n.
7
Suppose 3*i = 4*i - 3*l - 25, 2*i = -l + 36. Let v = 234 - 159. Calculate the remainder when v is divided by i.
18
Let f = -74 - -166. Let j = -39 + f. Calculate the remainder when j is divided by 14.
11
Let k(c) = c**3 - 13*c**2 + 11*c + 16. Let a be k(12). Suppose 21 + 59 = a*t. What is the remainder when t is divided by 11?
9
Let w = 19 - 13. Suppose 25 = -5*v - 5*r, v + r + 5 = w*v. Suppose -2*a + 7*a - 65 = v. What is the remainder when 24 is divided by a?
11
Let k(f) be the second derivative of -f**5/20 + 11*f**4/12 - 4*f**3/3 - 4*f**2 - 5*f. What is the remainder when 21 is divided by k(10)?
9
Suppose m + 4*m = 4*o + 136, -4*o = 5*m - 104. Calculate the remainder when 89 is divided by m.
17
Let r(g) = 11*g + 1. Suppose -29*z + 31*z - 16 = 0. What is the remainder when r(2) is divided by z?
7
Suppose 30 = i - 3*i. Let a = 21 + i. What is the remainder when 11 is divided by a?
5
Let j = 20 - -34. What is the remainder when j is divided by 8?
6
Let v(f) = -f**2 + 7*f - 5. Let y be v(4). Let p = 19 - y. What is the remainder when 34 is divided by p?
10
Suppose -2*n = -5*j + 2*j + 368, -n = -j + 123. What is the remainder when j is divided by 42?
38
Let u(n) = 13*n**2 + 7*n - 8. What is the remainder when u(3) is divided by 22?
20
Suppose -9 = -h + 8. Let w(o) = -14*o - 4. What is the remainder when w(-5) is divided by h?
15
Let h be 18/4*(-28)/14. Let s = 1 + -1. Let b = s - h. What is the remainder when b is divided by 5?
4
Let c be (0 + -23 + 3)/1. Let v = c - -29. Calculate the remainder when 26 is divided by v.
8
Let c(d) = 1 - 3 + 8 + 2*d**2 + 7*d. What is the remainder when 29 is divided by c(-4)?
9
Let m(j) = j**2 - 3*j. What is the remainder when 9 is divided by m(4)?
1
Suppose u = 4*q - 53, 4*q - 5 = -1. Let j = -19 - u. Let n = 50 - j. What is the remainder when n is divided by 7?
6
Suppose k - 26 = -k. Let p be (5 - 4)/(2/(-146)). What is the remainder when (p + -1)/2*-1 is divided by k?
11
Let w(n) = 2*n - 12. Let i = -34 - -67. Calculate the remainder when i is divided by w(9).
3
What is the remainder when 203 is divided by 41 - (-14 - -14)*2/4?
39
Let a(q) = -q**2 + 20*q - 10. What is the remainder when a(16) is divided by 15?
9
Suppose 4*t - 36 = 4*g, t + 2*g - 42 = -3*t. Let o = 0 + 4. What is the remainder when t is divided by o?
2
Let h(g) = g + 2. Let v be h(2). What is the remainder when 30 is divided by (v/3)/((-1)/(-6))?
6
Let a(z) = -2 - 9*z**2 + 9*z + 1 + 8*z**2. Calculate the remainder when 27 is divided by a(8).
6
Suppose 75 = 4*k - k. Let j = -17 + k. Let u(b) = 3*b - 1. Calculate the remainder when u(j) is divided by 12.
11
Let v(z) = -z**3 + 12*z**2 + z + 13. What is the remainder when 49 is divided by v(12)?
24
Let r = 67 + -37. What is the remainder when r is divided by 16?
14
Let h = -13 - -39. Calculate the rema